ase 11) in base 16?
0
Convert 4d (base 15) to base 7.
133
What is -4 (base 12) in base 16?
-4
Convert 10011111 (base 2) to base 15.
a9
-1 (base 7) to base 15
-1
What is -131 (base 7) in base 14?
-51
9 (base 12) to base 4
21
Convert 47 (base 11) to base 7.
102
Convert 3 (base 13) to base 6.
3
-16 (base 10) to base 11
-15
Convert 5 (base 9) to base 5.
10
-131 (base 4) to base 3
-1002
Convert 100 (base 4) to base 2.
10000
Convert -2 (base 7) to base 13.
-2
What is 20 (base 7) in base 15?
e
-2 (base 13) to base 9
-2
1 (base 10) to base 15
1
What is -24 (base 5) in base 6?
-22
Convert 101 (base 9) to base 13.
64
What is -141 (base 6) in base 2?
-111101
What is 66 (base 15) in base 4?
1200
What is -42 (base 14) in base 5?
-213
Convert 7 (base 8) to base 10.
7
Convert 1 (base 12) to base 16.
1
Convert -10 (base 6) to base 3.
-20
Convert 6 (base 10) to base 16.
6
-2101 (base 3) to base 4
-1000
20 (base 5) to base 2
1010
Convert 17 (base 15) to base 12.
1a
-53 (base 12) to base 4
-333
4 (base 14) to base 6
4
Convert 53 (base 12) to base 15.
43
-48 (base 16) to base 12
-60
-210 (base 7) to base 2
-1101001
-1201 (base 3) to base 13
-37
-5 (base 10) to base 2
-101
What is -2 (base 16) in base 8?
-2
Convert -2 (base 13) to base 4.
-2
125 (base 9) to base 4
1220
Convert 2 (base 10) to base 5.
2
-13 (base 13) to base 7
-22
-204 (base 5) to base 2
-110110
-24 (base 16) to base 14
-28
What is 233 (base 7) in base 3?
11112
What is 0 (base 14) in base 4?
0
Convert -14 (base 11) to base 10.
-15
What is 2 (base 9) in base 7?
2
Convert 1 (base 16) to base 9.
1
What is 1 (base 13) in base 8?
1
What is -4 (base 8) in base 11?
-4
What is -97 (base 16) in base 5?
-1101
Convert -33 (base 5) to base 14.
-14
21 (base 14) to base 10
29
What is 0 (base 14) in base 13?
0
Convert -4 (base 12) to base 8.
-4
13 (base 4) to base 7
10
Convert 121 (base 13) to base 10.
196
Convert 4 (base 11) to base 4.
10
What is -249 (base 10) in base 15?
-119
6 (base 12) to base 15
6
Convert 148 (base 10) to base 15.
9d
Convert -1012 (base 3) to base 11.
-2a
Convert -41 (base 9) to base 6.
-101
Convert 231 (base 9) to base 13.
118
53 (base 12) to base 8
77
What is -4 (base 10) in base 12?
-4
Convert 44 (base 7) to base 9.
35
Convert 6 (base 13) to base 11.
6
-1011 (base 2) to base 16
-b
1113 (base 4) to base 10
87
-11 (base 2) to base 14
-3
What is 131 (base 4) in base 7?
41
-1 (base 16) to base 8
-1
-3 (base 15) to base 12
-3
-1 (base 12) to base 6
-1
What is 12 (base 5) in base 15?
7
105 (base 10) to base 13
81
Convert -a (base 14) to base 2.
-1010
-61 (base 7) to base 6
-111
-34 (base 16) to base 12
-44
Convert 1000 (base 2) to base 7.
11
162 (base 7) to base 5
333
-10 (base 14) to base 4
-32
21 (base 3) to base 12
7
Convert -1 (base 4) to base 2.
-1
Convert 0 (base 7) to base 5.
0
What is -b (base 16) in base 8?
-13
-2 (base 16) to base 7
-2
Convert 84 (base 11) to base 5.
332
-4 (base 15) to base 16
-4
-2 (base 11) to base 10
-2
What is b7 (base 13) in base 14?
aa
What is 1 (base 4) in base 12?
1
Convert 1 (base 11) to base 4.
1
What is 1100 (base 2) in base 6?
20
What is 51 (base 16) in base 11?
74
1102 (base 3) to base 12
32
What is -8 (base 15) in base 6?
-12
What is 1 (base 5) in base 10?
1
Convert -10 (base 13) to base 7.
-16
Convert -1e (base 15) to base 5.
-104
Convert -13 (base 6) to base 12.
-9
What is -2 (base 16) in base 5?
-2
Convert -19b (base 14) to base 12.
-239
What is 1 (base 14) in base 8?
1
-8 (base 12) to base 6
-12
Convert -24 (base 12) to base 14.
-20
4 (base 6) to base 9
4
Convert 10110101 (base 2) to base 10.
181
Convert -1 (base 9) to base 8.
-1
What is 13 (base 10) in base 13?
10
Convert 111 (base 4) to base 10.
21
3 (base 14) to base 2
11
72 (base 8) to base 13
46
49 (base 12) to base 9
63
What is 11 (base 8) in base 16?
9
10 (base 3) to base 9
3
114 (base 15) to base 9
301
What is 1 (base 15) in base 5?
1
122 (base 5) to base 2
100101
What is 1 (base 15) in base 3?
1
Convert -4 (base 11) to base 14.
-4
Convert -31 (base 6) to base 5.
-34
1 (base 15) to base 13
1
Convert -2 (base 15) to base 12.
-2
What is -4 (base 7) in base 16?
-4
-138 (base 9) to base 5
-431
Convert 532 (base 6) to base 8.
310
-3 (base 7) to base 12
-3
Convert 121 (base 3) to base 6.
24
What is 6c (base 15) in base 13?
7b
What is 2 (base 12) in base 10?
2
What is -30 (base 4) in base 7?
-15
Convert 2 (base 11) to base 16.
2
77 (base 15) to base 8
160
What is -1 (base 16) in base 2?
-1
What is 107 (base 8) in base 15?
4b
1 (base 14) to base 11
1
Convert 11 (base 4) to base 9.
5
Convert 158 (base 11) to base 3.
20211
-6 (base 8) to base 15
-6
-2 (base 8) to base 2
-10
-6 (base 15) to base 2
-110
What is 11 (base 16) in base 12?
15
What is 23 (base 8) in base 11?
18
Convert 6 (base 10) to base 15.
6
-11111 (base 2) to base 8
-37
-4 (base 8) to base 12
-4
122 (base 4) to base 3
222
Convert 20 (base 11) to base 13.
19
What is 18 (base 11) in base 6?
31
Convert 125 (base 11) to base 8.
224
What is -22 (base 7) in base 4?
-100
What is 102 (base 4) in base 10?
18
What is 11 (base 7) in base 14?
8
What is -8a (base 15) in base 3?
-11211
Convert -1 (base 11) to base 12.
-1
What is -144 (base 6) in base 11?
-59
What is -46 (base 14) in base 13?
-4a
Convert -1 (base 14) to base 7.
-1
Convert 1001 (base 3) to base 14.
20
-b9 (base 16) to base 2
-10111001
Convert -110101001 (base 2) to base 3.
-120202
What is -213 (base 5) in base 10?
-58
What is 49 (base 13) in base 2?
111101
33 (base 9) to base 7
42
Convert -2 (base 3) to base 13.
-2
What is -156 (base 10) in base 14?
-b2
Convert -121 (base 8) to base 6.
-213
4 (base 11) to base 12
4
What is -17 (base 15) in base 4?
-112
What is -d (base 15) in base 4?
-31
Convert 121 (base 4) to base 15.
1a
Convert -21102 (base 3) to base 4.
-3020
Convert 240 (base 5) to base 8.
106
3 (base 11) to base 12
3
What is 1010 (base 3) in base 6?
50
What is 43 (base 7) in base 11?
29
0 (base 14) to base 2
0
Convert -201 (base 6) to base 12.
-61
Convert -1 (base 4) to base 11.
-1
-22 (base 3) to base 15
-8
Convert 85 (base 9) to base 3.
2212
What is -1301 (base 4) in base 15?
-78
Convert a (base 16) to base 13.
a
Convert 2 (base 8) to base 15.
2
What is 20 (base 4) in base 14?
8
What is -240 (base 5) in base 11?
-64
What is 3 (base 13) in base 9?
3
-2 (base 12) to base 14
-2
Convert -25 (base 9) to base 6.
-35
Convert 2 (base 9) to base 15.
2
136 (base 11) to base 12
114
3 (base 14) to base 5
3
Convert -4 (base 5) to base 6.
-4
What is 81 (base 9) in base 5?
243
What is -100010110 (base 2) in base 5?
-2103
What is 110010 (base 2) in base 3?
1212
5 (base 9) to base 11
5
40 (base 14) to base 5
211
Convert 60 (base 11) to base 7.
123
What is -6 (base 10) in base 2?
-110
Convert -5 (base 13) to base 2.
-101
What is -6 (base 12) in base 4?
-12
Convert -18 (base 11) to base 9.
-21
-9 (base 12) to base 14
-9
-1e (base 16) to base 9
-33
Convert 101 (base 3) to base 5.
20
Convert 4 (base 7) to base 6.
4
Convert -1 (base 4) to base 8.
-1
Convert -10001 (base 3) to base 14.
-5c
What is 10 (base 2) in base 16?
2
Convert 3 (base 4) to base 16.
3
4 (base 14) to base 9
4
What is -10f (base 16) in base 6?
-1131
Convert -13 (base 10) to base 9.
-14
Convert 1 (base 5) to base 2.
1
-14 (base 9) to base 2
-1101
-1 (base 16) to base 14
-1
Convert 20 (base 6) to base 14.
c
What is -11 (base 3) in base 14?
-4
What is -8 (base 13) in base 9?
-8
What is 70 (base 9) in base 5?
223
Convert 1021 (base 3) to base 13.
28
f (base 16) to base 14
11
Convert 1d (base 16) to base 10.
29
What is -23 (base 6) in base 3?
-120
What is -322 (base 5) in base 6?
-223
187 (base 10) to base 5
1222
Convert 42 (base 12) to base 4.
302
Convert -19 (base 15) to base 2.
-11000
What is -30 (base 11) in base 13?
-27
-12 (base 12) to base 16
-e
What is 110 (base 2) in base 3?
20
121 (base 3) to base 6
24
5 (base 13) to base 8
5
2 (base 7) to base 10
2
Convert 9 (base 13) to base 12.
9
Convert 10 (base 3) to base 7.
3
What is -45 (base 10) in base 9?
-50
What is -10 (base 2) in base 12?
-2
Convert 122 (base 5) to base 15.
27
What is 110001 (base 2) in base 6?
121
14 (base 8) to base 14
c
-9 (base 10) to base 2
-1001
Convert 12 (base 3) to base 14.
5
What is -9 (base 11) in base 13?
-9
Convert -4 (base 6) to base 7.
-4
What is